nits digit of 45 + 1/3*0?
5
Let p(n) = -7*n - 21. What is the units digit of p(-8)?
5
Let v(x) = -x**2 + 8*x + 2. Let p be v(6). Let i = p + -10. Suppose 2 = -2*w - o, i*o = -w + 3*w - 18. What is the units digit of w?
1
Suppose -2*m + 9 = 3*b, -m - 5*b + 9 + 13 = 0. Let n(w) = w**3 + 5*w**2 + 4*w - 1. What is the units digit of n(m)?
5
Let u(j) = -j**2 - 10*j + 5. Let f be u(-10). Suppose -k = -f*k + 92. What is the tens digit of k?
2
Let s(q) = -20*q - 30. What is the units digit of s(-10)?
0
Let r be (-6)/15*10/(-4). Suppose -r = -j + 1. What is the units digit of j?
2
Let v(s) = 6*s + 5. Let i be v(-7). Let b = 82 + i. Suppose 13 - b = -4*z. What is the units digit of z?
8
Let r(a) = a + 12. Let h be r(-9). Suppose h*o - 4 - 2 = 0. Suppose -m + 3*m = o. What is the units digit of m?
1
What is the units digit of (3 + (-1 - 3))*-1?
1
Suppose 14*z - 1600 = -2*z. What is the units digit of z?
0
Suppose -9*n + 10*n = 3. What is the units digit of n?
3
Let h(o) = -o - 5. Let v(c) = 2*c + 7. Let t be v(-8). Let i be h(t). Suppose -5*d = 3*j - 113, 4*j + 106 = d + i*d. What is the units digit of d?
2
Let b be -2*(-1 + 2)*-10. Let h = -14 + b. Suppose h*c + 19 = 5*w + 2*c, -4*w + 8 = 4*c. What is the units digit of w?
3
Suppose 7*n = 2*n + 65. Let t be (-3)/(-9) + n/(-3). What is the tens digit of (-50)/t + 2/4?
1
Let k = 3 - 4. What is the units digit of (-2)/k - (1 + 0)?
1
Suppose 4 = -5*h - 1, 3*v = 5*h + 8. Let s be 0/(v + 1 + 0). Suppose 0 = -4*r + 20, -11 = 2*x - 5*r - s. What is the units digit of x?
7
Suppose -2 = 3*u + 10. Let g(n) = -n**3 - 4*n**2 - 2*n + 1. Let p be g(u). Let f = 25 - p. What is the units digit of f?
6
Let v(k) = -k + 1. Let a be v(6). Let d(h) = -h + 1. What is the units digit of d(a)?
6
Suppose 0*n - 4*k + 34 = -3*n, 3*k + 69 = -3*n. Suppose 0*w + 3*w = -36. Let b = w - n. What is the units digit of b?
6
Suppose 2*d = u - 282, 497 = -4*u + 4*d + 1641. What is the hundreds digit of u?
2
Let y = -89 - -27. What is the units digit of (y/3)/(8/(-12))?
1
Let x = 878 + -502. What is the units digit of x?
6
Suppose -5*v = -3*u + 109, -8 = -4*u + 3*v + 119. What is the tens digit of u?
2
Let v(h) = -7*h + 20. What is the tens digit of v(-6)?
6
Let g = -8 - -17. Let a = 13 - g. What is the units digit of a?
4
Suppose 3*o + 16 = -8. Let y be (-4)/(-14) - (-90)/(-21). What is the units digit of (o/12)/(y/30)?
5
Suppose 0 = 4*o - 7 - 25. What is the units digit of (-12)/o*(-14)/3?
7
Suppose -10 - 2 = -2*t + 2*r, -2*t + r + 10 = 0. Suppose -6*q + t*q - f + 25 = 0, 0 = 3*q - 3*f - 60. What is the units digit of q?
5
Let y(i) = -2*i**2 + 3*i + 2. Let p be y(3). Let z(u) = -2*u + 15. What is the units digit of z(p)?
9
Let w(l) = -l**2 - 15*l - 9. What is the units digit of w(-6)?
5
What is the tens digit of 0/(4 - 1) - -11?
1
Suppose 5*w + 4 = -4*l, -4*w + 3*w - l = 0. Let q = -59 + 44. What is the units digit of 1 + w - (-4 + q)?
6
Let h be (4/(-3))/((-3)/9). Suppose h*m + 7 = -17. Let q = m + 19. What is the units digit of q?
3
Let x(c) be the second derivative of -c**4/12 - 7*c**3/6 - 3*c**2 - c. Let s be x(-5). Suppose 0 = s*y + 10 - 34. What is the units digit of y?
6
Let l(q) = q + 1. Let y be l(4). Let u = y - 3. What is the units digit of u?
2
Let a(g) = -g**2 - 22. Let y be a(0). Let k = y + 8. What is the units digit of (-2)/(-7) - 80/k?
6
Let z(l) = 3*l**3 - 9*l**2 - 13*l - 9. Let q(k) = 7*k**3 - 17*k**2 - 26*k - 17. Let g(m) = 4*q(m) - 9*z(m). What is the units digit of g(-12)?
1
Let j = 8 + -5. Let z be (1 - 2) + 0 + j. What is the tens digit of (-1 + z)/(4/52)?
1
Let r(l) = l**3 - 4*l**2 - 3*l + 1. Let o = 0 + 5. What is the tens digit of r(o)?
1
Suppose 3*f - 4*l - 72 = 46, 3*f - 3*l = 117. Suppose 3*a = 4*s + 7, -4*a - 14 = 2*s - f. What is the units digit of s?
2
Let s(n) = -12*n**3 + 2*n**2 - n - 1. Let c be s(-2). Suppose -5*d - 5*x = -c, -3*d + 2*x - 24 = -4*d. What is the tens digit of d?
1
Suppose -5*i + 219 = -2*g, 5*g + 13 = 3. Suppose 5*z - 59 = -3*d, 4*z - d + 2*d - i = 0. What is the tens digit of z?
1
Let z = 5 - 7. What is the units digit of (-10)/(-14) + z/(-7)?
1
Let n = 8 + -9. Let h be (12/(-3))/(n - 0). Suppose -5*a + h*j + j - 10 = 0, 0 = 4*a - j - 1. What is the units digit of a?
1
Suppose u - 26 = 28. What is the tens digit of u?
5
Let q(i) = -i**3 + 6*i**2. Let w be q(6). Let t be -1 + w/(3 + -2). What is the units digit of (-4 + 2)/(t/3)?
6
Suppose -6*b + 2*m + 15 = -b, -m = -5*b + 15. Let r(d) = 3*d - 4*d + d**b - d**2 + 0*d + 3. What is the units digit of r(0)?
3
Let l = 0 - 1. What is the units digit of l/(18/(-8) - -2)?
4
Let z(p) = 4*p**2 - p - 1. Let a be z(-1). Suppose 3*b + 9 = a*b. What is the units digit of b?
9
What is the hundreds digit of (4473/15)/1 + (-1)/5?
2
Let o = 12 - 5. Let x = -7 + o. Suppose -5*m - 70 = -4*p, x = -2*m - 2 - 2. What is the units digit of p?
5
Let w(y) be the third derivative of -y**4/24 - y**3 - y**2. Let c be w(-5). What is the units digit of c/((-1)/7)*1?
7
Suppose 0 = -5*b + b - 32. Let z = b - -18. What is the tens digit of z?
1
Suppose -4*w - p = p + 20, 5*w - p = -25. Suppose h - 44 = 4*i - 3*h, 0 = 3*i + 4*h + 12. Let m = w - i. What is the units digit of m?
3
Suppose 3*h = -12 + 27, 0 = -2*q - 5*h + 93. Let z = q - 14. What is the tens digit of z?
2
Let s(n) = -n**3 + 13*n**2 - 5*n - 25. What is the hundreds digit of s(11)?
1
Let x = -1 + -3. Let g be ((-6)/x)/(6/8). Suppose s - 54 = -g*s. What is the units digit of s?
8
Suppose -3*c - 22 + 244 = 0. What is the units digit of c?
4
Let k = -48 - -173. Suppose -63 = -4*j + k. What is the units digit of j?
7
Let g(r) be the third derivative of 1/24*r**4 + r**2 + 1/6*r**3 - 1/120*r**6 + 0*r + 1/30*r**5 + 0. What is the units digit of g(2)?
3
Let l = 9 - 6. Suppose 4*s - 2 = l*s. Suppose -51 = -5*q + n, 0 = q + s*q - 4*n - 17. What is the tens digit of q?
1
Suppose -2*u = -5*u + 51. What is the units digit of u?
7
Let t be (0/(-3))/(-3) + 95. Let j = 3 + 2. Suppose 5*p - 3*o = -o + 67, t = 5*p + j*o. What is the units digit of p?
5
Let a = 30 - -15. What is the tens digit of a?
4
Let m(l) = l + 5. What is the units digit of m(0)?
5
Let z(i) = -i**2 + 8*i + 3. Let n be z(8). Let s = 11 - n. What is the units digit of s?
8
Suppose -44 = -4*b - 0*b. What is the units digit of b?
1
What is the units digit of (-1)/(-1) + (1 - 1)?
1
Suppose -49*n = -45*n - 324. What is the tens digit of n?
8
Suppose 4*u - 2*o - 48 = 0, -2*u - 3*u = -5*o - 55. Suppose 0 = -5*s - k - u + 3, -k + 8 = -s. What is the units digit of (2 - 2/s)*3?
8
Suppose -172 - 184 = -4*j. What is the units digit of j?
9
Let n(p) = -p**2 - p. Let b be n(1). Let j = 9 - 2. Let v = b + j. What is the units digit of v?
5
Let q be 6 - (-1 + 0/(-2)). What is the units digit of q + 0/((-4)/(-2))?
7
Let r(w) = -w + 16. Let b be r(11). Suppose -5*v + 59 = b*q - 6, 59 = 5*q - v. What is the tens digit of q?
1
Let j(w) be the second derivative of -w**5/20 + w**4 + w**2 + 2*w. Let x be j(12). Suppose x*f - 3*f + 16 = 0. What is the tens digit of f?
1
Let j = 418 - 296. What is the hundreds digit of j?
1
Let x = -30 + 66. Suppose 0*j + x = 3*j. What is the units digit of j?
2
Suppose -2370 = -21*p + 16*p. What is the units digit of p/54 - (-4)/18?
9
Suppose s + 3 = 18. What is the units digit of 6*(s/6 + -1)?
9
Let c = 37 + -23. What is the units digit of c?
4
What is the tens digit of 45/(-30)*74/(-3)?
3
Let o = 232 + -132. What is the units digit of o?
0
Let i(y) = y - 1. Let b(l) = l**3 - 4*l**2 + 3*l - 5. Let m(j) = -b(j) + 5*i(j). What is the units digit of m(4)?
8
Let b(t) = -t**2 - 4*t + 2. What is the units digit of b(-4)?
2
Let o(i) = i**3 + 9*i**2 - i - 7. What is the units digit of o(-9)?
2
Let d(t) = t + 14. What is the units digit of d(-6)?
8
Let r = 1 - 0. What is the tens digit of r/(3/42) + -1?
1
Suppose 3 = -v + 4*i, 0*v - v - 2*i + 9 = 0. What is the units digit of v?
5
Suppose 2*v + 0 = -3*a - 2, 0 = 5*v + 5. Suppose a = 4*j - 39 + 7. What is the units digit of j?
8
Suppose 138 = 6*j - 114. What is the units digit of j?
2
Let a(k) = -11*k**3 - 2*k**2 - 2*k - 6. What is the tens digit of a(-2)?
7
Let a(w) = -w**2 - 25*w - 54. Let r be a(-23). Let n = -9 - -20. Let l = n + r. What is the units digit of l?
3
Suppose 3*h = h + 3*x + 5, -5*h